 y = 5 - 1. Suppose -2*l + y*q + 140 = 2*l, -4*l - 2*q + 140 = 0. Calculate the remainder when l is divided by 12.
11
Suppose 5*w - 85 = -3*f + 91, 0 = -5*w - 5*f + 180. What is the remainder when w is divided by 19?
15
Let l(q) = 7*q - 4*q + q**2 - 9 - 3*q. What is the remainder when l(-8) is divided by 19?
17
Let n(l) = l - 10. Let w be n(11). Calculate the remainder when (-294)/(-4) + w/2 is divided by 19.
17
Let o = 34 + -22. Let g be 6/21 + o/7. Suppose 72 = 4*b - 4*a, -3*b - b + 42 = g*a. Calculate the remainder when b is divided by 8.
5
Suppose 4*j - 3*a - 482 = 0, -7*j + 5*a = -2*j - 605. Calculate the remainder when j is divided by 30.
29
Suppose 4*w = -d + 57, -88 - 2 = -5*w - 5*d. Suppose -6*o = -2*o - 20. What is the remainder when w is divided by o?
3
Let c be 126/4 - 6/(-4). Let z be 20*(-1 + c/15). Let j = z - 11. What is the remainder when 38 is divided by j?
12
Suppose -d + 63 = 2*n, d - 15 = -4*d. Calculate the remainder when 78 is divided by n.
18
Let i(y) = 3*y**2 - y**3 - 1 + 2*y**3 + y**2 - 3*y**2 + y. What is the remainder when 24 is divided by i(2)?
11
Suppose -3*j + 6*j = 0. Suppose j*p + 2*p = 6. Calculate the remainder when (-13)/((-3)/(p + 6)) is divided by 20.
19
Suppose 2 = 6*n - 76. What is the remainder when 62 is divided by n?
10
Let y be 1/(-4) - (-26)/8. Calculate the remainder when 7 is divided by (y - 2)*-1*-4.
3
Let u be 6/(-15) - 114/15. Let y(v) = v**3 + 7*v**2 - 10*v - 5. Calculate the remainder when y(u) is divided by 2/8 + (-46)/(-8).
5
Let n = -2 + 5. Let i be (n + 6)/(6/20). Suppose -f + i = f. Calculate the remainder when 43 is divided by f.
13
Suppose -3*u - 37 = -4*i, -5*i = -0*i - 3*u - 44. Suppose -3*f = 4*x - 78 - i, f = -4*x + 95. Let q(v) = v + 3. What is the remainder when x is divided by q(4)?
4
Let i(c) = c**3 + 3*c**2 - 2*c - 3. Suppose 15 = 3*w + 3*l, -2*l + 6 - 2 = -w. Suppose k + w*k = 21. What is the remainder when k is divided by i(-3)?
1
Suppose 76*h - 71*h - 60 = 0. Let v = 13 + -6. What is the remainder when h is divided by v?
5
Let j be ((-2)/(-6))/(9/81). Calculate the remainder when 23 is divided by 0*1/j - -12.
11
Suppose 5 = -4*i - 3*f, 0*i - 3*f + 7 = -2*i. What is the remainder when 19/(-95) + 156/5 is divided by -22*1*i/4?
9
Suppose 0 = -5*y - 10, -2*y = 3*m - 75 - 29. What is the remainder when m is divided by (26/4)/(10/20)?
10
Suppose 4*u = -2*a + 26, -3*u - 2*a = -15 - 4. What is the remainder when u is divided by ((-1)/3)/((-3)/36)?
3
Suppose 2*y - 2*l = 8, 2*y + 3*l + 7 = -0. Let v be (-2 + 1 + 1)/(-2). Calculate the remainder when 2 is divided by 2/(y + v + 1).
0
Let w(z) = 8*z + 10. Calculate the remainder when 162 is divided by w(4).
36
Let c = -32 - -60. Calculate the remainder when 81 is divided by c.
25
Let w be (-1)/(-2)*(0 + 0). Let o = 3 - w. Suppose 5*q - 6*q + 7 = 0. What is the remainder when q is divided by o?
1
Suppose 0 = 2*x + 3*y - 13, y = 3*x - 7*x + 11. What is the remainder when (-22)/3*(-3)/x is divided by 4?
3
Let j(z) = -8*z - 5. Let u = -12 - -4. Calculate the remainder when j(u) is divided by 15.
14
Let y(z) = 3*z + 9. Calculate the remainder when 117 is divided by y(5).
21
Let h = -53 - -74. What is the remainder when 83 is divided by h?
20
Suppose 0 = u - 5*u + 100. Let y(x) = 2*x**2 - 4. Calculate the remainder when u is divided by y(3).
11
Let k(v) = -2*v - 12. What is the remainder when k(-12) is divided by 7?
5
Let w be (-2)/((-44)/12 - -3). Suppose w*s = 14 + 31. What is the remainder when 59 is divided by s?
14
Let y(h) = 14 + 11*h - 12*h - h**2 - h**3 + 11. Let f be y(0). Suppose -5*m + f = -15. What is the remainder when 21 is divided by m?
5
Suppose u + 25 = 2*s, -5*u + 70 = 4*s + s. Calculate the remainder when 20 is divided by s.
7
Let k(b) = 2*b**2 - 7*b + 9. Let v(c) = -3*c**2 - 28*c + 12. What is the remainder when k(6) is divided by v(-9)?
18
Suppose 0*m + 2*m + 69 = 5*f, -5*f + 60 = -5*m. Calculate the remainder when f is divided by 4.
3
Suppose 3 = -4*u + 131. Suppose 0 = 2*r + 2*r - u. What is the remainder when 22 is divided by r?
6
Suppose 0 = -12*u + 9*u - 147. What is the remainder when 82 is divided by (1 - -5)*u/(-14)?
19
Let p = 5 - 1. Calculate the remainder when 4 is divided by p.
0
Let u = 32 - 30. Suppose u*t + 52 = 68. Let j(l) = l**3 + 7*l**2 + 3*l - 5. Calculate the remainder when j(-5) is divided by t.
6
Let r be -5 - (0 + -4) - -3. Suppose -2*o - r*o - 211 = -5*h, 0 = -5*o - 20. Let q(z) = 9*z + 2. What is the remainder when h is divided by q(2)?
19
Suppose 3*o = 5*y - 0 - 29, 4*y - 4*o = 28. Suppose -36 = y*p - 0*p. Let i(r) = -r**2 - 9*r + 13. Calculate the remainder when i(p) is divided by 7.
6
Suppose 5*b = b + 28. Let t = b - 5. Suppose -a + 2 = -t*a, 88 = 4*h + 4*a. Calculate the remainder when h is divided by 13.
11
Let i(j) = -j**3 - 4*j**2 + 3*j + 2. Let y be i(-5). What is the remainder when 40 is divided by (-8)/3*(-63)/y?
12
Suppose 0 = 2*s - 4, -2*y = 2*s + 19 - 59. Calculate the remainder when 68 is divided by y.
14
Let x(m) = m + 7. Let n be x(-7). Let a = n + 5. Suppose -43 + 8 = -a*l. What is the remainder when l is divided by 4?
3
Let c = 32 - -13. Let q = -19 + c. Suppose -3*f = -0*f - 27. Calculate the remainder when q is divided by f.
8
Suppose z - 17 = -0. Suppose 0 = -2*i + 7 + 5. Let x = z - i. Calculate the remainder when 41 is divided by x.
8
Let a = 153 - 90. What is the remainder when a is divided by 23?
17
Suppose 0 = c + 5*i, 4*i - 3*i - 8 = -c. Let h = -61 - -98. What is the remainder when h is divided by c?
7
Calculate the remainder when -4 - (-2*45 + 2) is divided by 19.
8
Let r(z) = 4*z**2 - 5*z - 5. Let b be r(-3). Suppose b = 3*l - l. What is the remainder when l is divided by 8?
7
Let l(n) = 1 + 3 - 3 + 3*n**2 + n. What is the remainder when l(4) is divided by 14?
11
Let u = -48 + 91. Let t(q) = -q + 3. Let m be t(0). What is the remainder when u is divided by 13 + 4 + (m - 5)?
13
Let i(m) = 2*m**2 - 5*m + 3. Let w be i(3). Suppose 3*h + 2*j + 5 = 0, -3*h + 15 = -3*j - 0. Calculate the remainder when h is divided by 7/(-42) - (-7)/w.
0
Let r = -4 + 71. Calculate the remainder when r is divided by 17.
16
Suppose 5*b - 4 = 3*b + 2*i, -i + 10 = -5*b. Let m = b - -15. Calculate the remainder when 23 is divided by m.
11
Suppose 5*v + 0 = 35. Let x(b) = b**2. Suppose -4*m = 3*o + 2, -3*m + 5 = -2*o + 15. Calculate the remainder when v is divided by x(m).
3
Suppose -3*m + 6*m = 21. Calculate the remainder when m is divided by 2.
1
Let k = 132 - 120. Calculate the remainder when 22 is divided by k.
10
Suppose 0 = x - 2*x. Suppose x = -y + 7 + 22. What is the remainder when y is divided by 8?
5
Let y be 26/8 + 2/(-8). Suppose 0 = f - y*f + 26. Calculate the remainder when 195/5 + (-6)/3 is divided by f.
11
Let f = -6 + 12. Calculate the remainder when (2/2)/((-9)/(-153)) is divided by f.
5
Let b(o) = -41*o + 1. Let g be b(1). What is the remainder when 3/2*g/(-6) is divided by -66 - -78 - (7 - 1)?
4
Suppose -2*p + 76 = -0*p. Let n(d) = -9*d**3 + d**2 - d - 1. What is the remainder when p is divided by n(-1)?
8
What is the remainder when 73 is divided by (-76)/6*9/(-6)?
16
What is the remainder when 95 is divided by ((-4)/(-10))/(1/50)?
15
Suppose -3*w - 4*c - 3 = 0, -c + 6 = 3*w - 0*w. Let v(h) = 2*h**3 - 4*h**2 - h + 2. What is the remainder when v(w) is divided by 6?
5
What is the remainder when 37 is divided by -3*(-4)/((-12)/(-19))?
18
Suppose 2*l - 17 = -2*y - l, -y = 4*l - 6. Suppose -5*u + 2 = 3*b, -b + 12 = b - 2*u. Suppose 166 = b*z + 50. Calculate the remainder when z is divided by y.
9
Let k = -37 - -51. What is the remainder when k is divided by 5?
4
Let w(a) = 52*a**3 + 2*a + 2. Let f be w(-2). What is the remainder when (-3)/(-15) - f/10 is divided by 11?
9
Suppose 0 = -3*u - 9, z = -5*u - 3 - 12. Suppose -3*a + 117 = -z*a. What is the remainder when a is divided by 14?
11
Let w(g) = -g**2 - 4*g + 1. Let h(f) = -f - 4. Let b be h(0). Let i be ((-2)/4)/(b/(-24)). Calculate the remainder when w(i) is divided by 3.
1
Suppose p + p = 2, 4*m + 5*p = 93. Calculate the remainder when 86 is divided by m.
20
Let i(a) = a**3 - 4*a**2 + 3*a - 1. Let b be i(3). Let q = 1 + b. Suppose -5*u + 4*u + 11 = q. What is the remainder when u is divided by 6?
5
Let j be 2/5 - (-336